60913261817 prime?
False
Is 631137557 a composite number?
True
Is 411549263 a prime number?
False
Is 27244108277 a composite number?
True
Is 788001653 a prime number?
True
Is 11345083033 a composite number?
True
Is 3261628547 composite?
True
Is 143356931 composite?
True
Is 8756012327 composite?
False
Is 42109363 composite?
True
Is 1348433689 a prime number?
False
Is 960110507 a composite number?
False
Is 12803836519 prime?
True
Is 27630252137 a composite number?
False
Is 24849968201 a composite number?
False
Is 1688758787 a composite number?
False
Is 1584572917 prime?
True
Is 148748723 prime?
False
Is 27028467743 a composite number?
False
Is 1909855291 prime?
False
Is 55445436173 prime?
True
Is 4721791553 a prime number?
True
Is 3712877983 a prime number?
False
Is 2920074533 a prime number?
False
Is 8853489403 composite?
True
Is 125290623902 a composite number?
True
Is 2255874679 prime?
False
Is 204977599 a composite number?
False
Is 21196759937 composite?
False
Is 267822039 prime?
False
Is 335117323 composite?
False
Is 15495943763 a composite number?
False
Is 17391116693 prime?
False
Is 590814343 a prime number?
False
Is 1754358211 a prime number?
False
Is 5099997869 prime?
True
Is 4620623633 composite?
False
Is 7366896877 prime?
False
Is 40066949 a prime number?
False
Is 74379367933 composite?
True
Is 907204889 prime?
True
Is 12084334973 a composite number?
False
Is 176158331 composite?
False
Is 21843223383 prime?
False
Is 16044692651 a composite number?
True
Is 502934539 a prime number?
True
Is 682088599 a composite number?
True
Is 474657047 prime?
False
Is 11177093651 a composite number?
False
Is 10121868239 a prime number?
False
Is 134398656031 a prime number?
False
Is 28915309 composite?
False
Is 715698761 a composite number?
True
Is 23269030189 composite?
False
Is 680183291 composite?
True
Is 10274443 composite?
True
Is 2992700801 a prime number?
False
Is 5113643989 prime?
True
Is 1109620973 composite?
False
Is 102246010217 composite?
True
Is 6843199549 a prime number?
True
Is 3945197811 prime?
False
Is 9791152799 composite?
False
Is 257624387 composite?
True
Is 732740483 prime?
False
Is 18094290931 a prime number?
False
Is 111143200859 composite?
True
Is 928694509 prime?
True
Is 1842421639 composite?
True
Is 5699849027 composite?
True
Is 7095256457 a prime number?
True
Is 21356015691 a prime number?
False
Is 255105739 prime?
False
Is 2602684871 prime?
True
Is 34385887 composite?
False
Is 496171757486 a prime number?
False
Is 1471982909 prime?
True
Is 437072011 composite?
True
Is 96486746353 prime?
True
Is 7371481349 a composite number?
False
Is 1313505437 composite?
True
Is 3409632245 composite?
True
Is 304506067 a composite number?
False
Is 1715251739 prime?
True
Is 19391733839 prime?
True
Is 306373531 composite?
True
Is 21973382 a composite number?
True
Is 7117242643 a composite number?
True
Is 34540744223 prime?
True
Is 8277359339 a prime number?
True
Is 36535183 a composite number?
False
Is 12016431103 composite?
False
Is 2378522603 prime?
True
Is 208999519 prime?
True
Is 54279636137 composite?
False
Is 6673556051 a composite number?
False
Is 6785609123 prime?
True
Is 332219798 composite?
True
Is 3306385109 prime?
True
Is 50988009671 a composite number?
True
Is 6052431967 a composite number?
False
Is 31195314071 composite?
False
Is 48063166993 composite?
True
Is 8194512673 prime?
False
Is 2161534553 composite?
False
Is 5292861659 composite?
True
Is 13582043389 a prime number?
False
Is 5654911907 prime?
True
Is 3142983497 composite?
False
Is 54206752099 a prime number?
True
Is 102151107151 prime?
True
Is 7049536363 prime?
False
Is 755632247 a composite number?
False
Is 19392142303 a prime number?
True
Is 1204015321 prime?
False
Is 1607932147 a prime number?
False
Is 2948444693 a prime number?
True
Is 150952279 a composite number?
True
Is 84708975943 composite?
True
Is 589511621 a composite number?
True
Is 3176949297 a prime number?
False
Is 2950206289 prime?
True
Is 20019378797 prime?
False
Is 12552141643 prime?
True
Is 50180343238 prime?
False
Is 110905661 a prime number?
False
Is 326979313 a composite number?
True
Is 30611809 a prime number?
True
Is 327237214033 a composite number?
False
Is 12170579749 a prime number?
True
Is 748943953 a composite number?
False
Is 6671101 prime?
False
Is 15739681033 prime?
True
Is 18544943209 prime?
False
Is 56474633 composite?
True
Is 457428787 a prime number?
True
Is 1028865034 prime?
False
Is 2598934165 a prime number?
False
Is 272112493 prime?
True
Is 431260547 composite?
True
Is 5104438687 a composite number?
False
Is 11110576843 a prime number?
False
Is 53607407 a prime number?
False
Is 146921897 a composite number?
True
Is 5788668841 composite?
False
Is 142979658617 a prime number?
True
Is 54368528693 prime?
True
Is 5040134581 prime?
False
Is 16581473319 a composite number?
True
Is 152710970963 a prime number?
True
Is 1898398583 prime?
True
Is 7048854583 composite?
False
Is 3223252157 a prime number?
False
Is 50646989191 a composite number?
True
Is 12737813239 prime?
True
Is 80863901 composite?
False
Is 493645307 prime?
True
Is 342572107 composite?
False
Is 114758781623 a composite number?
False
Is 1382527463 a prime number?
False
Is 5505207871 a prime number?
False
Is 1953705361 composite?
False
Is 626840107 prime?
True
Is 575128261 a composite number?
True
Is 24626293 composite?
False
Is 7860703283 prime?
True
Is 5342406089 composite?
False
Is 81133499851 prime?
False
Is 916441489 composite?
True
Is 1134675869 a composite number?
False
Is 111728625899 a prime number?
False
Is 1669271 a composite number?
True
Is 41233593151 a composite number?
True
Is 7567368781 prime?
False
Is 539606771 a prime number?
False
Is 45929281 prime?
True
Is 2699844073 a prime number?
False
Is 10993280251 composite?
False
Is 2595191983 a prime number?
True
Is 2294399227 a prime number?
True
Is 147339010883 a composite number?
True
Is 1049271739 prime?
False
Is 223978457 prime?
True
Is 591343007 composite?
False
Is 3838785199 a prime number?
True
Is 5018635457 prime?
False
Is 72754567 composite?
False
Is 29885741 composite?
False
Is 4435347509 composite?
True
Is 2584481 composite?
False
Is 5047920569 a prime number?
False
Is 15352252351 a composite number?
True
Is 13250634317 composite?
False
Is 366847771 composite?
False
Is 3178141969 prime?
True
Is 861007261 composite?
True
Is 7905141443 a prime number?
False
Is 388601831 a prime number?
False
Is 131596636517 composite?
False
Is 6478777091 a composite number?
True
Is 6781029337 a composite number?
True
Is 181199782 a prime number?
False
Is 13006956023 a composite number?
False
Is 1604836811 composite?
False
Is 669119317 a composite number?
False
Is 2876925841 a composite number?
False
Is 41823551047 a prime number?
True
Is 164134408913 a composite number?
False
Is 591688501 a prime number?
False
Is 8550705637 prime?
False
Is 320026354 prime?
False
Is 122623751 prime?
False
Is 1394307202 a composite number?
True
Is 304925897 a prime number?
False
Is 61871151 a prime number?
False
Is 209374091141 a composite number?
True
Is 156135167 composite?
False
Is 1776124822 prime?
False
Is 11969360303 a composite number?
False
Is 90972426911 a prime number?
False
Is 75336269683 prime?
True
Is 1364836477 prime?
True
Is 191275219 prime?
True
Is 6847925143 a composite number?
False
Is 8452053221 prime?
True
Is 46977729265 a composite number?
True
Is 8690559611 composite?
False
Is 1442102063 a prime number?
True
Is 95330827 composite?
True
Is 3036426929 prime?
True
Is 2809170541 composite?
False
Is 12341015243 composite?
True
Is 8497458869 a composite number?
False
Is 5496575387 composite?
False
Is 57949145801 composite?
True
Is 17268953503 composite?
True
Is 1465198733 a composite number?
False
Is 9024664349 a prime number?
False
Is 29554458431 composite?
False
Is 449793233 a composite number?
True
Is 633141259 prime?
True
Is 14280278933 prime?
True
Is 512282027 composite?
False
Is 95304204049 composite?
False
Is 68791124873 composite?
False
Is 25549604923 prime?
True
Is 66988028929 prime?
False
Is 219581717 a composite number?
True
Is 14409458911 a prime number?
False
Is 1524791311 a prime number?
True
Is 2524822411 a composite number?
False
Is 75047484493 prime?
False
